Let i = -167 + -125. List the prime factors of (20/18)/(-5) - i/x.
2
Suppose -2*z + 3*y - 576 = 0, -2*z - y - 886 = z. Let h = z + 477. What are the prime factors of h?
3, 61
Suppose -2*h - 25 - 253 = -4*u, 0 = -4*u - h + 263. Let s be (4836/18)/(8/12). Suppose -s = -3*i - u. What are the prime factors of i?
2, 7
Suppose 18 = -2*c + 10, 3*c - 28632 = -4*z. Suppose z = 4*p + 17*p. List the prime factors of p.
11, 31
Let n = -315 + 427. Suppose -n*y + 113*y = 513. What are the prime factors of y?
3, 19
Suppose 2*y - 5*c + 13 = -0*c, 2*y - c = -1. Let x(f) = -1 - 8 + 3 + 48*f. What are the prime factors of x(y)?
2, 3, 7
Let s(i) = i + 1. Let c(b) = -b + 45. Let o(v) = -c(v) + 6*s(v). Let z be o(-23). Let u = z + 400. List the prime factors of u.
2, 5
Suppose 3*p = 2*y + 3 + 298, y + 4*p + 145 = 0. Let i = y + 289. What are the prime factors of i?
2, 5, 7
Let a(t) = 4*t**3 - 4*t**2 - 19*t + 101. Let j be a(6). Let q = j - 335. List the prime factors of q.
2, 3, 31
Let a = -694 - -699. List the prime factors of (-151308)/(-297) - (-1 + a/11).
2, 3, 5, 17
Let b(q) = -q**2 + 25*q + 73. Let c be b(28). List the prime factors of 57/4*(6 + c + 9).
3, 19
Let b(d) = -6*d**3 + 2*d**2 - 16*d - 22. Let c(g) = 5*g**3 - 2*g**2 + 15*g + 20. Let s(o) = 4*b(o) + 5*c(o). List the prime factors of s(6).
2, 3, 37
Let k = -295 + 766. Let j = k + -419. What are the prime factors of j?
2, 13
Let v(q) = -36*q**2 - 21*q - 47. Let p be v(-2). Let g = p + 743. What are the prime factors of g?
2, 3, 11
Let v be 4/(-30) + (-17915)/75. Let j = v - -364. Suppose -3*b = -115 - j. What are the prime factors of b?
2, 5
Let w = -66 + -154. Let q = -129 - w. What are the prime factors of q?
7, 13
Suppose 67190 = -180*y + 190*y. What are the prime factors of y?
6719
Let i = 10902 + -10335. List the prime factors of i.
3, 7
Let p = 8426 + -4901. What are the prime factors of p?
3, 5, 47
Let k be ((-2 - -4) + -1)*459. Suppose -k = -9*z + 3312. What are the prime factors of z?
419
Let k(u) = 16*u**2 + u + 9. Let r be k(-6). Let q = r + -193. List the prime factors of q.
2, 193
Suppose 24*s + 170272 = 20*s + 2*v, -2*s = -5*v + 85120. What are the prime factors of ((-4)/(-6))/(11/(s/(-4)))?
3, 5, 43
Suppose j = l - 809, 5*j - 3228 = -4*l + j. Suppose 5 = -3*i + 3*y + 14, -4 = -2*i + 3*y. Suppose 3*a - l = -i*a. What are the prime factors of a?
101
Let g = 357 - 380. Let q(c) = -29*c + 92. List the prime factors of q(g).
3, 11, 23
Let t(h) be the second derivative of 0 - 1/3*h**3 + 1/20*h**5 - 1/3*h**4 - 3*h**2 - 14*h. What are the prime factors of t(5)?
3
Let a(m) = 330*m + 131. Let u be a(28). Suppose -18*z - 3125 + u = 0. What are the prime factors of z?
347
Let d be (-5)/(((5 + 0)*2)/(-6)). Suppose -5*l = 3*x - 3068, 2*x - d*l = -0*l + 2077. List the prime factors of x.
1031
Suppose -3*y - 11 = 2*l + 3, 0 = 3*y - 4*l + 8. What are the prime factors of y + -1 - (4 + (3 - 767))?
5, 151
Suppose -4*f = -2*d + 7574, -2*d + 46*f = 43*f - 7566. List the prime factors of d.
3, 419
Let b be 4*(-1 + 2*4/4). List the prime factors of (-3740)/((-20)/b) - 3.
5, 149
Let d(z) = 2585*z - 8669. List the prime factors of d(27).
2, 13, 2351
What are the prime factors of (-259236)/(-108) - 24/(-9)?
3, 89
Let l = -81 + 110. List the prime factors of (l + -31)*(0 + -71).
2, 71
Let v = 9751 - 1202. What are the prime factors of v?
83, 103
Let r be (-2)/(2 - -2)*-62. Let k = 42 - r. Suppose 20 = k*h - 6*h. List the prime factors of h.
2
Suppose -5*k + 194 = -4*c + 2*c, -k - 3*c = -32. Suppose -k*t + 53*t - 6660 = 0. List the prime factors of t.
2, 3, 37
Suppose -o = 0, 3*f - 34 + 289 = -3*o. Let k = 19 - f. List the prime factors of k.
2, 13
Let f(w) = w**2 + 18*w + 58. Let z be f(-5). Let m be ((-21)/(-9) - 1)*3. What are the prime factors of (-50 - z)/((-2)/m) + 1?
3, 29
Let m(w) = -42850*w + 917. What are the prime factors of m(-1)?
3, 1621
Let i(m) = -m**2 + 10*m + 4. Let h be i(8). Let d = h + -15. Suppose -7*x = -d*x - 362. List the prime factors of x.
181
What are the prime factors of (1598/(-85) - -20)/(4/140610)?
3, 43, 109
Suppose 0 = -2*k - k + 861. Suppose -5*c - 114 = 2*a, -120 = 2*a - 10*c + 12*c. Let t = a + k. What are the prime factors of t?
3, 5
Suppose 3 + 7 = 5*s + w, 20 = -4*w. Let d(m) = 44*m**2 - 4*m. List the prime factors of d(s).
2, 3
Let a(w) be the first derivative of -153*w**2/2 - 34*w + 69. List the prime factors of a(-4).
2, 17
List the prime factors of -1 - 30/(-22) - (-1378638)/99.
2, 3, 11, 211
Let i = -70 - -75. Suppose -i*r = -7*r + 850. What are the prime factors of r?
5, 17
Let i = -31986 + 47272. List the prime factors of i.
2, 7643
Suppose -18570 = -9*a - 18273. Suppose 2*i + 54 = 4*i + 3*h, -4*h = -i + 27. Let n = a + i. List the prime factors of n.
2, 3, 5
List the prime factors of 8722/2 - (-26 + 42 + -21).
2, 37, 59
Let z be (1/(-2))/((-12)/12072). Suppose 401 = 2*u - z. List the prime factors of u.
2, 113
Suppose 5*d - 56 = 94. Suppose -6*m + 35 = -2*m - 3*y, -5*y = -m + d. What are the prime factors of 329/2 + -2 + m/10?
163
Suppose -20 = 4*c - 0*c, 0 = -5*d - c + 15. Let k = -53 + 146. Suppose -d*v = o + v - k, 350 = 5*o + 2*v. List the prime factors of o.
2, 17
Suppose -349*x = -341*x - 40. Let g(b) = 10*b**3 + 13*b - 12. What are the prime factors of g(x)?
1303
Suppose 12*i + 3 = 9*i, u - 3*i - 105 = 0. Suppose u*p = 110*p - 11184. What are the prime factors of p?
2, 3, 233
Suppose 128*d + 221984 = 4*b + 133*d, b + 5*d = 55511. What are the prime factors of b?
3, 53, 349
What are the prime factors of ((-3824)/(-3))/((-93)/(-45) + (-52)/26)?
2, 5, 239
Let f = 32 + -1. Suppose -f*o = -32*o + 267. Let m = 498 - o. List the prime factors of m.
3, 7, 11
Let o = 17615 - 11069. What are the prime factors of o?
2, 3, 1091
Suppose -2*g = -6, 6*g - 17090 = -5*k + g. Suppose k = 5*y + 380. What are the prime factors of y?
607
Let m(c) = -c**3 + 23*c**2 - 25*c + 6. Let a be m(22). Let s = 62 + a. Suppose 0 = s*x - 5*u - 83, u + 7 = 4. What are the prime factors of x?
2, 17
Suppose -i + 4*z = -13, -11 = 2*i + z - 1. List the prime factors of -7 + 11 - (i + -825).
2, 13
Let r(m) be the third derivative of -7*m**6/120 - m**5/60 - m**4/3 + 5*m**3/6 + 19*m**2. What are the prime factors of r(-4)?
7, 67
Let p be ((5 - 8) + 0)*(-8)/6. Suppose p*w = 4*v + 596, -2*v = 2*w - v - 307. What are the prime factors of w?
2, 19
Suppose 3*o - 4*f = 17143, -16*o + 11432 = -14*o - f. What are the prime factors of o?
5717
Let p(i) = -2 - 23*i - 86*i - 4*i. Let t be p(1). Let n = t + 195. List the prime factors of n.
2, 5
Suppose -4*k + 11*k - 49984 - 40050 = 0. List the prime factors of k.
2, 59, 109
Let y be (2/4)/(9/(-6606)). Let j = y - -1122. What are the prime factors of j?
5, 151
Let g(t) = 9*t**2. Let y(l) = -10*l**2 - l + 1. Let m(q) = 6*g(q) + 5*y(q). Let j(x) be the first derivative of m(x). List the prime factors of j(6).
43
Let h = 7979 + 10886. Suppose -h = -22*p - 473. List the prime factors of p.
2, 11, 19
Let o(t) = -35*t + 175. Let s be o(-6). Suppose -5*w - 2997 = -4*m, 3*m - 1859 = 3*w + s. List the prime factors of m.
743
Suppose 4*t = -0*t + w + 9, -15 = -t - 4*w. Let a(m) = -m**3 + 3*m**2 + m. Let f be a(3). What are the prime factors of (1/f)/(t/549)?
61
Suppose -3*y = 4*n - 30 - 371, 691 = 5*y + n. Let z = y - 66. List the prime factors of z.
73
Let h(x) = x**3 - x**2 - 15*x + 18. Let f be h(10). Suppose 0 = -76*t + 70*t + f. List the prime factors of t.
2
Suppose -63*v + 447367 = -46427. What are the prime factors of v?
2, 3919
Let v = 316 + -318. Let l = 67 - 29. Let h = v + l. List the prime factors of h.
2, 3
Let a(z) = -z - 6. Let w be a(-12). Suppose 2*t = 4*t + w. List the prime factors of 15 - t/(-3)*4.
11
Let y(k) = -8*k - 141. Let d be y(-18). Suppose d*f - 2021 = 2161. List the prime factors of f.
2, 17, 41
Let j be ((-190)/(-8))/(7/(-28)). Let x = j + 362. List the prime factors of x.
3, 89
Suppose 16 = 7*q + 2. Suppose 4*h = 5*w - 13, q*h + w + 7 = 18. Suppose -h*k = -5*k + 64. List the prime factors of k.
2
Let p(f) = -66*f + 51. Let b be (-3)/(-7) - 436/(-28). Let o be p(b). What are the prime factors of -4 + (-1 - o/5)?
2, 7
Suppose 2*v = -5*n + 3511, -3*n = -5*v - 536 - 1552. Let c = 1355 - n. What are the prime factors of c?
2, 3, 109
Suppose -5